r) = -r**2 - 11*r - 7. Let m be d(-10). Suppose -f + m*f = 56. Let n = 1 + f. What is the units digit of n?
9
Let q(s) = 5*s**3 - 3*s**2 - 2*s - 4. Suppose -c + 2*d = 1 - 0, 3*c = 3*d + 3. What is the tens digit of q(c)?
9
Let v = 55 - 19. Let p = -70 + v. Let r = -23 - p. What is the tens digit of r?
1
Let c(j) = 35*j**3 - 10*j**2 + 62*j - 19. What is the hundreds digit of c(5)?
4
Let x(c) = -c - 15. Let o(u) = u + 7. Let t(s) = -11*o(s) - 6*x(s). What is the units digit of t(-9)?
8
Let f = -78 + 113. What is the units digit of (-30)/((-42)/f + (-1)/(-5))?
0
Let j be -47 - -4 - 1*-3. Let t be j/(-22) - 4/(-22). Suppose 3*o + t*q = 67, q = -2*q + 15. What is the units digit of o?
9
Let c be (36/(-8))/(3/4). Let d(m) = 3*m - 45. Let a(f) = 2*f - 23. Let j(z) = 5*a(z) - 3*d(z). What is the units digit of j(c)?
4
What is the hundreds digit of 1886/10 + 3/(-5)?
1
Let d(k) = 2*k**2 + 4*k + 3. Let b be d(-2). Suppose -b*f = -0 - 9. Suppose f*m = -2*c + 16, 3*m + 14 = 8*c - 4*c. What is the units digit of c?
5
Let r = -913 - -4062. What is the tens digit of r?
4
Suppose 2*i - 2*q - 710 = 0, -8*i + 2*q = -3*i - 1775. What is the hundreds digit of i?
3
Suppose 15 = -4*w + 6*n - n, -n + 3 = 0. Suppose 0 = 4*d - w*d. What is the tens digit of 2*1 - (d - 42)?
4
Let h be 6 - ((-9)/(-3))/(-1). Suppose -h*x + 54 = -324. What is the units digit of x?
2
What is the units digit of (-255)/51 - (0 - -373)*-1?
8
Suppose -z + 5*w + 3 = 0, -2*z + 21 = 4*w + w. Let r(f) = 8*f - 16. What is the tens digit of r(z)?
4
Suppose 908 = 4*l - 2*n, -l = n + n - 217. What is the units digit of l?
5
Let f be (-2)/(2/12*-1). Let l be 6/(-8) + (-3)/f. Let k = l + 4. What is the units digit of k?
3
Let j be (-532)/36 - 2/9. Let o be (-27)/j*(24 - -1). Suppose 4*y + o = i + 2*y, -5*y + 108 = 2*i. What is the units digit of i?
9
Let t = 57 - 41. Suppose 6*h - 266 - t = 0. Suppose 0 = 4*f - 12, 10 = 3*p + 5*f - h. What is the units digit of p?
4
Let d = 8 - 9. What is the units digit of (-5 - (-18)/3)/(d/(-177))?
7
Suppose -43*c + 238 = -2772. What is the units digit of c?
0
Let r(b) = 27*b**3 - 7*b + 2 - 11*b + 15*b. What is the units digit of r(1)?
6
Let i = -620 + 980. What is the tens digit of i?
6
Suppose -3*d + 5*a - 2 = -12, -d - a - 2 = 0. Suppose -b + 9 - 5 = d. Suppose -b*x = -2*x - 52. What is the tens digit of x?
2
Suppose -64 - 14 = -6*o. Let j(f) = f**2 - 2*f + 8. What is the units digit of j(o)?
1
Suppose 3*v - 4*v = -4*o - 74, 133 = 2*v - 3*o. Let l be 4/(-6) + v/3. Let y = l - -4. What is the units digit of y?
4
Let q(u) be the third derivative of 7*u**5/60 - u**4/24 - u**3/2 - 17*u**2. What is the tens digit of q(-3)?
6
Let o(g) be the second derivative of -g**4/12 + 7*g**3/6 + 4*g**2 + 5*g. What is the units digit of o(7)?
8
Let c(i) = -i**2 - i + 39. Let p be c(-6). Suppose -19 + p = -h. What is the tens digit of h?
1
What is the tens digit of (-8207)/(-4) - 24/32?
5
Suppose 3*h + 11 = 29. Suppose h*t = 2*t - 4, -3*t = -s + 6. Suppose j - 2*p - 80 = -j, s*p = 12. What is the tens digit of j?
4
Let n = 10 - 4. Suppose n - 3 = z. Suppose -z*p - 16 = -4*p. What is the tens digit of p?
1
Let s(i) = 126*i**2 + 35*i - 4. What is the hundreds digit of s(-5)?
9
Let m(j) = -j - 5. Let r be m(-6). What is the units digit of -2 + 6 + 20*r?
4
Let b(z) = -2*z**3 + 4*z**2 + 4*z - 3. Let f(y) = -y**3 - y - 1. Let p(c) = -b(c) + f(c). Let n = 4 - -2. What is the tens digit of p(n)?
4
Suppose -12 - 8 = -10*o. Suppose 5*k + 15 = 0, -a + 3*k + 732 = o*a. What is the hundreds digit of a?
2
Let q = -3311 - -6147. What is the units digit of q?
6
Let b(c) = 129*c**2 - c. Let x be b(-1). Let a = x + -78. Suppose -2*r + 23 = u, 4*r + 2*u - a = -2*u. What is the units digit of r?
0
Suppose -u - u + 60 = 0. Let r be (u/25)/(2/115). Let t = r - 32. What is the units digit of t?
7
Suppose 10*h - 1875 = 15*h. Let y = h + 571. What is the hundreds digit of y?
1
What is the hundreds digit of ((-54)/12)/((-9)/5172)?
5
Let d = 18 - 7. Let o be (d/33)/((-1)/(-42)). What is the units digit of (o/(-28))/(2/(-220))?
5
Let h(r) = 102*r + 180. What is the hundreds digit of h(13)?
5
Let g be ((-48)/(-1) - -1) + 2. Suppose -g = -3*i + 24. What is the units digit of i?
5
What is the units digit of 429/2 + (-183)/122?
3
Let i(c) be the second derivative of c**3 + 0 - 2*c - 1/20*c**5 + 1/2*c**2 - 1/4*c**4. What is the units digit of i(-5)?
1
Let p = 3 + 0. Let d(i) be the first derivative of i**4/2 - 5*i**3/3 + i**2/2 + 4*i + 100. What is the units digit of d(p)?
6
Let i(x) = 6*x + 1. Let j be i(-1). Let q = j + 1. What is the units digit of 7/9 - q/18?
1
Suppose 2*w + 5 = 9. Let o(t) = 6*t + 11 + 1 - t**3 + 5*t**w + 0*t**2. What is the units digit of o(6)?
2
What is the thousands digit of (-6*9*-2)/((-10)/(-205))?
2
Let k be (-5 + (-18)/(-4))/((-2)/(-20)). What is the units digit of (58/k)/((-10)/25)?
9
Suppose -1501 = 5*u + 2*o - 12810, -4*u = -3*o - 9061. What is the thousands digit of u?
2
Let l(j) = 6*j + 40. Let r be l(-5). Let k(o) = 26*o - 68. What is the units digit of k(r)?
2
Let f be 0 + 5*(2 + 32). Suppose -3*o + 4*o = 2*k + f, 3*o = -5*k + 499. Suppose d - 2*w = 66, -3*d + o = 4*w - 0*w. What is the tens digit of d?
6
Let a be -10 - (0 - (6 + -3)). Let b(q) = -6*q + 16. What is the units digit of b(a)?
8
What is the tens digit of ((-4)/8)/((-6)/1860)?
5
Let h(x) = x**3 + x**2 - x + 1. Let u(r) = 2*r**3 + 8*r**2 - 12*r + 10. Let p(j) = -6*h(j) + u(j). What is the units digit of p(-3)?
8
What is the units digit of (-4)/6*15/(-10)*46?
6
Let n(x) = x. Let k be n(3). Let q be k/((-3)/(-9)*-3). Let d = 57 + q. What is the tens digit of d?
5
Suppose -4*v + 20*t - 22*t + 4090 = 0, -4*t = v - 1040. What is the tens digit of v?
2
Let h(i) = i**3 + i**2 + i - 1. Let a(k) = 18*k**3 + 8*k**2 + 5*k - 10. Let b(p) = -2*a(p) + 14*h(p). What is the units digit of b(-2)?
6
Suppose 1055 = 4*q - 5213. What is the hundreds digit of q?
5
Suppose -100 = -4*k + 96. Let c = k - 34. What is the units digit of c?
5
Suppose 2*m - 458 = -2*v, -2*v = 4*m - v - 916. Suppose -4 = 3*c - m. What is the units digit of c?
5
Let m(p) be the third derivative of -p**6/120 + p**5/20 - p**4/8 + p**3/6 + 16*p**2. What is the units digit of m(-3)?
4
Suppose -11*n = 3*s - 10*n + 1051, -3*n + 15 = 0. Let w = -177 - s. What is the tens digit of w?
7
Let o = 1716 + -551. What is the tens digit of o?
6
Let s(q) be the second derivative of -q**5/20 - q**4/4 - q**3/3 + q**2/2 + 14*q. What is the tens digit of s(-5)?
6
Suppose -5*n + 18320 = 4*u, 1975 = n + 4*u - 1705. What is the units digit of n?
0
Suppose -y + 421 = n, 0 = -2*n - 0*y - 5*y + 854. What is the units digit of n?
7
Suppose 0 = 18*r - 2751 - 345. What is the hundreds digit of r?
1
Let s be (-11)/(11/(-162)) + -3. Suppose -i + 3*k = 4*i + 264, 0 = 3*i - 2*k + s. Let p = i + 73. What is the tens digit of p?
2
Suppose -2*b = 22 - 134. Suppose 3*k + k - b = 0. Let v = 33 - k. What is the units digit of v?
9
Let r(g) = g**3 - 6*g**2 - 3*g. Let a be r(7). Suppose 0 = 4*m + 4*h - a, 2*m + 4*h - 18 = -0*m. Let l(z) = z + 10. What is the units digit of l(m)?
5
Let o = 99 + -96. What is the tens digit of (o/6)/(3/1434)?
3
Suppose -726 = -4*b - 2*n + 82, -n - 4 = 0. What is the units digit of b?
4
Let j(c) = 9*c**3 - c**2 - 31*c + 44. What is the hundreds digit of j(5)?
9
Suppose -28*m + 8*m + 80 = 0. Suppose t = 1, 9*d - 1410 = m*d - 5*t. What is the hundreds digit of d?
2
Let f(j) = 10*j**2 + 35*j - 57. What is the tens digit of f(-11)?
6
Let d = 34 + -65. Let w = -25 - d. What is the units digit of w?
6
Let v(r) = -36*r + 2. Let h be (1 - (-2)/1)/(12/(-16)). What is the tens digit of v(h)?
4
Let r(f) = -12*f**2 - 7*f + 33. Let q(v) = 4*v**2 + 2*v - 11. Let d(s) = -11*q(s) - 4*r(s). What is the units digit of d(-7)?
3
Suppose 2*z - 19 = -o + 6*z, -o + 10 = -z. Suppose o*l + l - 152 = 0. What is the units digit of l?
9
Let a be 70/6*(5 + -2). Suppose -b + 6*b = a. What is the units digit of (-2 - -29)/(b + -6)?
7
Suppose -181*x + 175*x = -114. What is the tens digit of x?
1
Suppose -10*o + 1230 = -4*o. What is the units digit of o?
5
Suppose -3*l - 1347 = -3*k + 3033, 3*k - 4372 = -5*l. What is the tens digit of k?
5
Suppose 26*j - 11400 = 6*j. What is the hundreds digit of j?
5
Let i 